re the prime factors of 47931863?
7, 6847409
What are the prime factors of 93358335?
3, 5, 7, 127, 7001
List the prime factors of 896261792.
2, 23, 173, 7039
List the prime factors of 415877215.
5, 13, 6398111
List the prime factors of 2211800911.
23, 37, 599, 4339
What are the prime factors of 760241257?
37, 157, 130873
List the prime factors of 966921907.
7, 138131701
List the prime factors of 2309339139.
3, 79, 1013, 9619
List the prime factors of 1397832651.
3, 463, 335453
What are the prime factors of 649032129?
3, 24038227
List the prime factors of 2441365202.
2, 1220682601
List the prime factors of 102564501.
3, 13, 2629859
What are the prime factors of 79830190?
2, 5, 11, 53, 13693
What are the prime factors of 527961560?
2, 5, 7, 1885577
List the prime factors of 1398462686.
2, 41, 17054423
What are the prime factors of 55013005?
5, 2381, 4621
List the prime factors of 2312860762.
2, 1571, 736111
What are the prime factors of 102455056?
2, 11, 17, 283
List the prime factors of 1822975819.
7, 6661, 39097
What are the prime factors of 52752716?
2, 71, 185749
List the prime factors of 267130037.
267130037
List the prime factors of 40020467.
59, 271, 2503
What are the prime factors of 3750133951?
179, 20950469
List the prime factors of 91084203.
3, 7, 587, 821
What are the prime factors of 1378134354?
2, 3, 229689059
What are the prime factors of 336467886?
2, 3, 56077981
What are the prime factors of 42327500?
2, 5, 16931
What are the prime factors of 5651929329?
3, 277, 1087, 6257
What are the prime factors of 4367482445?
5, 873496489
What are the prime factors of 575530257?
3, 17, 11284907
List the prime factors of 77316151.
11, 7028741
What are the prime factors of 2080185758?
2, 7, 41, 97, 37361
List the prime factors of 2747256.
2, 3, 113, 1013
List the prime factors of 94641928.
2, 107, 110563
What are the prime factors of 4014819093?
3, 17, 3023, 26041
What are the prime factors of 11947520?
2, 5, 13, 359
What are the prime factors of 57889586?
2, 31, 933703
What are the prime factors of 891398796?
2, 3, 383, 193951
What are the prime factors of 52747979?
1283, 41113
List the prime factors of 18204737.
18204737
List the prime factors of 2599012627.
23, 31, 47, 77557
List the prime factors of 372842294.
2, 11, 16947377
List the prime factors of 172095004.
2, 43023751
List the prime factors of 542084610.
2, 3, 5, 17, 1062911
What are the prime factors of 1902894?
2, 3, 7, 45307
List the prime factors of 3830171621.
17, 13253189
What are the prime factors of 384912755?
5, 59, 257, 5077
List the prime factors of 6702424.
2, 307, 2729
What are the prime factors of 582281293?
11, 52934663
What are the prime factors of 138786607?
138786607
What are the prime factors of 955336258?
2, 477668129
List the prime factors of 17426624.
2, 277, 983
List the prime factors of 52747243.
17, 53, 58543
What are the prime factors of 594959440?
2, 5, 31, 127, 1889
List the prime factors of 6089002782.
2, 3, 4513, 224869
What are the prime factors of 503090903?
7, 71870129
List the prime factors of 508658108.
2, 7, 2647, 6863
What are the prime factors of 228840522?
2, 3, 19, 1153, 1741
What are the prime factors of 3833364429?
3, 109, 181, 21589
List the prime factors of 2849665700.
2, 5, 7, 31, 131321
List the prime factors of 38531033.
197, 317, 617
What are the prime factors of 280840995?
3, 5, 19, 227, 1447
What are the prime factors of 305377162?
2, 139, 1098479
List the prime factors of 208588528.
2, 43, 137, 2213
List the prime factors of 44646300.
2, 3, 5, 113, 439
What are the prime factors of 890831600?
2, 5, 41, 54319
What are the prime factors of 518640249?
3, 659, 262337
What are the prime factors of 3193027627?
137, 227, 102673
List the prime factors of 889585053.
3, 7, 23, 107, 2459
What are the prime factors of 173356700?
2, 5, 11, 14327
List the prime factors of 7859006963.
1013, 7758151
List the prime factors of 1223001270.
2, 3, 5, 43, 71, 4451
List the prime factors of 94437664.
2, 47, 62791
What are the prime factors of 180127736?
2, 229, 98323
What are the prime factors of 180619914?
2, 3, 191, 397
What are the prime factors of 1878674683?
167, 2131, 5279
List the prime factors of 1106118708.
2, 3, 92176559
List the prime factors of 2062534163.
17, 121325539
What are the prime factors of 123605940?
2, 3, 5, 2060099
List the prime factors of 120614810.
2, 5, 12061481
List the prime factors of 87781208.
2, 10972651
What are the prime factors of 21227675?
5, 7, 101, 1201
List the prime factors of 268181574.
2, 3, 41, 1090169
What are the prime factors of 89552718?
2, 3, 4975151
What are the prime factors of 17857809?
3, 1984201
List the prime factors of 145533648.
2, 3, 13, 59, 67
List the prime factors of 11478785.
5, 587, 3911
List the prime factors of 242397894.
2, 3, 47, 859567
What are the prime factors of 309864405?
3, 5, 20657627
List the prime factors of 23992320.
2, 3, 5, 11, 71
What are the prime factors of 1756215063?
3, 59, 3307373
List the prime factors of 1063398464.
2, 443, 37507
What are the prime factors of 84581951?
29, 89, 32771
What are the prime factors of 2686924072?
2, 7, 47980787
List the prime factors of 138586536.
2, 3, 11, 233, 751
List the prime factors of 119751520.
2, 5, 7, 106921
List the prime factors of 13524735.
3, 5, 7, 18401
What are the prime factors of 1251357547?
11, 113759777
What are the prime factors of 1403213432?
2, 8219, 21341
What are the prime factors of 2264854670?
2, 5, 13, 947, 18397
What are the prime factors of 17098414?
2, 659, 12973
List the prime factors of 92728705.
5, 18545741
What are the prime factors of 417613003?
41, 10185683
List the prime factors of 1977650166.
2, 3, 1123, 293507
What are the prime factors of 2664628677?
3, 1051, 93901
List the prime factors of 39018855.
3, 5, 353, 7369
What are the prime factors of 282728701?
389, 726809
List the prime factors of 80096383.
4283, 18701
List the prime factors of 1667392088.
2, 208424011
What are the prime factors of 197936730?
2, 3, 5, 733099
What are the prime factors of 64473883?
64473883
List the prime factors of 4022462821.
13, 43, 197, 36527
List the prime factors of 1319729476.
2, 13, 25379413
List the prime factors of 138737927.
31, 4475417
What are the prime factors of 157595166?
2, 3, 239, 12211
What are the prime factors of 578278841?
7, 61, 193469
What are the prime factors of 466458462?
2, 3, 2999, 8641
List the prime factors of 17380971.
3, 577, 3347
What are the prime factors of 852366097?
11, 41, 59, 103, 311
List the prime factors of 65821538.
2, 23, 1430903
What are the prime factors of 277485568?
2, 157, 863
List the prime factors of 117782168.
2, 7, 643, 3271
List the prime factors of 169766780.
2, 5, 8488339
List the prime factors of 773229343.
17, 103, 179, 2467
List the prime factors of 727680410.
2, 5, 17, 281, 15233
What are the prime factors of 2182536594?
2, 3, 7, 17321719
List the prime factors of 51180189.
3, 17060063
What are the prime factors of 114594814?
2, 19, 1097, 2749
What are the prime factors of 891117707?
61, 14608487
List the prime factors of 79915158.
2, 3, 431, 10301
List the prime factors of 179214568.
2, 13, 277, 6221
List the prime factors of 281022170.
2, 5, 11, 13, 196519
What are the prime factors of 206951939?
31, 6675869
What are the prime factors of 4889861036?
2, 19163, 63793
What are the prime factors of 32287841?
179, 180379
List the prime factors of 361946601.
3, 40216289
What are the prime factors of 63994636?
2, 47, 340397
What are the prime factors of 64372163?
107, 421, 1429
List the prime factors of 444843669.
3, 148281223
List the prime factors of 14864226.
2, 3, 13, 107, 137
List the prime factors of 202576908.
2, 3, 113, 149393
What are the prime factors of 29981096?
2, 3747637
List the prime factors of 165512638.
2, 82756319
What are the prime factors of 979940508?
2, 3, 29, 41, 173, 397
List the prime factors of 11629241.
13, 17, 101, 521
List the prime factors of 324901328.
2, 31, 655043
List the prime factors of 2326721411.
7, 16001, 20773
What are the prime factors of 859732984?
2, 11, 79, 123667
List the prime factors of 1079606452.
2, 599, 450587
What are the prime factors of 396098027?
13, 30469079
What are the prime factors of 172106329?
29, 593470